 the value of (-2 - (6 - -3)) + 4?
-7
What is the value of 9 + (-4 - -4 - (-1 + -2) - 2)?
10
Calculate -6 - ((6 - ((3 - 5) + 14)) + -10).
10
Evaluate (606 - 667) + (-1 - -32).
-30
Evaluate 2 + 1 + -5 + -1 + 2 - -5.
4
What is the value of -3 + (4 - (12 + -28))?
17
What is -5 - -4 - 2 - (3 - 4) - -8?
6
What is the value of -6 + (10 - 20) + -2 + 2 + 4?
-12
95 - 124 - (-3 + 6)
-32
What is the value of 34 + -15 + -28 + -9?
-18
Evaluate 0 + (-4 - 2) - 5 - (-46 - -37).
-2
-75 + 71 + 1 + 6 - 11
-8
Evaluate 271 + -262 + (2 + -2 - (2 + -4)).
11
47 - (119 - (83 - 39))
-28
What is the value of -30 - (-14 + 1 - (11 + -12))?
-18
What is 13 - (16 - 6) - (2 + 30)?
-29
Calculate -18 + -8 + (60 - (-4 - -4)).
34
(-19 - -6 - -19) + -13
-7
What is the value of (-17 + -4 - 11) + 9?
-23
Calculate -17 + (-8 + 8 - -9).
-8
5 + (-1 + -6 - -9) + 3 + 1
11
Calculate (-3 - 3) + 23 + -7.
10
What is the value of 1 + 7 - 2 - (-288 - -277)?
17
Evaluate -7 + (6 - (-5 - -9)) + 52 + -23.
24
-6 - 1 - (-18 + 6 + -5) - 21
-11
Calculate -1 + 14 + -6 + -9 + 15.
13
Calculate -22 - -9 - (14 - 26).
-1
3 - (-3 - (3 - 21))
-12
(0 - 1) + -9 - (0 + (7 - 9))
-8
Evaluate -23 + 76 + -32 + -11.
10
What is -24 + -29 + (58 - 26)?
-21
What is 33 - 35 - 2 - (-12 + -2)?
10
What is (-11 - (3 + -7)) + 3 - -18?
14
What is -4 - (2 - -3 - 13)?
4
Calculate -26 + -2 + 32 + -14.
-10
What is (20 - 12) + -8 + -8?
-8
Calculate (4 - 17 - -9) + 13.
9
5 + 2 + (7 - 11) + 13
16
-8 + -7 + -5 + 6 + 1 + -6
-19
Calculate 17 + -5 - 6 - (3 + (0 - 3)).
6
What is the value of (19 - (-7 - -22)) + -10?
-6
Evaluate (-7 - 67) + 91 - (-1 - 4).
22
Evaluate (4 - -7) + -18 - (-3 - -15).
-19
Calculate (-7 + 3 - (-9 - -11)) + 8 + -6.
-4
-29 + 39 + (1 - 2) + (-18 - 10)
-19
-5 + 8 + 60 + -73
-10
What is the value of -16 + 9 - (-41 - (-5 - 5))?
24
Calculate (-4 - -1) + 25 + -27 + (-4 - -5).
-4
Evaluate 0 + -10 + 8 + -6 + -14 + 19.
-3
Calculate 64 - 50 - 25 - (-1 + -17).
7
(2 - -2 - (205 + -179)) + 11
-11
Evaluate 5 + (1 - 18) - (51 - 37).
-26
Evaluate 6 + -21 + 18 + 7.
10
-10 - (-2 + 6 + -29 + 28)
-13
-1 - -3 - (-40 - 4 - -50)
-4
159 + -166 + -3 + 0 + (20 - 1)
9
What is the value of (9 - 22) + (1 + 4 - (4 - 5))?
-7
What is 9 - (32 + (-1 - -1 - 3) - 3)?
-17
Calculate 3 + -7 + -21 + 15 - -8.
-2
What is the value of 8 + 1 - (-1 - (6 + -4))?
12
What is (26 - 13 - 14) + 6 - -12?
17
Evaluate -2 - 7 - (31 - 22).
-18
14 + -10 + (-9 - -14) + -6 + 5
8
(-12 - -2) + -96 + 91 - -8
-7
Calculate 14 + (-16 - 11 - -1) + -13.
-25
Evaluate -1 + (2 - 0) - (2268 - 2258).
-9
What is the value of -5 + 9 + (-2 + (-5 - -6) - -4)?
7
Evaluate (0 - 2) + (0 - (6 + -3)).
-5
Evaluate (11 - 32) + 55 + -30.
4
What is the value of 30 + -22 - (-3 + -2 + 6)?
7
(-5 - 1) + (-25 - (-23 - 15))
7
What is (-1 - -3) + 0 - 4 - (4 + 2)?
-8
What is (-9 + 26 - 9 - 0) + -29?
-21
Evaluate -1 - (-6 + (4 - (8 + 0 + -9))).
0
What is -302 - -309 - (-1 - -26)?
-18
Evaluate (-4 - -25) + -40 - -4.
-15
Evaluate (-136 - -120) + (-1 - -10).
-7
Evaluate (-20 + -33 - -30) + 3.
-20
Evaluate 6 + (2 - 2) - (-76 - -90).
-8
What is the value of 5 - ((2 - -9) + (-6 - 2)) - 22?
-20
29 - (-6 - -41 - 7) - (10 + -1)
-8
What is -24 + (21 - -2) + 9?
8
10 + -3 + -12 + -7
-12
What is (-10 - -5) + (1 - (6 + 2 + -8))?
-4
Calculate -5 + 0 - ((-37 - -2) + 21).
9
What is the value of (0 - (-24 - -50)) + 13?
-13
Evaluate (-5 - (-1 + -6)) + 4 + (-6 - 3).
-3
-12 + 20 - (-1 + 17) - -3
-5
What is the value of -4 + 9 + (-14 - -50 - 16)?
25
(4 - 1 - 6) + 10
7
1 - (-1 - 0) - 7 - (251 - 267)
11
What is 10 - (10 - 17 - -12 - 16)?
21
What is (-10 + 15 - 11) + 15 + -6?
3
(-11 - (-15 - (-8 - -2))) + 9
7
-1 - (7 + (-6 - -1) + 3)
-6
Calculate (1 - (73 + -11 - 11)) + -8 + 20.
-38
(12 - -4) + -12 + 5
9
Evaluate (-16 - (5 + 0)) + 3.
-18
Calculate 4 + -13 + 0 + 11 - 15.
-13
12 + (-4 - (24 + (-3 - -6)))
-19
Calculate 3 - ((-7 - -2) + 11).
-3
What is -11 + 9 + -6 - (-11 + -5)?
8
What is 8 + -4 + -13 - -3 - -1?
-5
13 + -15 + (0 - -2)
0
What is -5 - ((11 - (-4 - -10)) + 2)?
-12
(10 - 2) + -19 + 45 + -24
10
Evaluate (-10 + -6 + 14 - 2) + -8.
-12
Evaluate -22 + 2 + (-20 - -14) + -4.
-30
What is the value of 11 + -22 - (-5 + 3 + (4 - 12))?
-1
What is the value of 5 + (0 - (10 + -7)) + 7?
9
Evaluate (6 - -3 - 2) + -7 + (19 - 40).
-21
What is the value of (-1 - -1) + 1 + -4 + 90 + -96?
-9
What is the value of -6 - (11 + -8 - 7) - -4?
2
What is 3 + -6 - (7 - -5) - -3?
-12
Evaluate (-3 - -70 - 36) + -31.
0
What is the value of -21 - 1 - (13 + (43 - 21) + -31)?
-26
-17 - -8 - (-1 + 13 + -3)
-18
Evaluate 16 - (16 - (-3 + -11 - -10)).
-4
Evaluate -4 + -2 + (6 - 6) + 6.
0
16 + -19 + (-28 - -4)
-27
Evaluate (22 - 10 - 19) + (-4 - 3).
-14
Evaluate -1 + 0 - (726 - 729).
2
Evaluate 12 - 5 - (-6 - (8 - (16 + -7))).
12
Calculate 23 + (-53 - -31 - -19).
20
Calculate (-10 - (20 + -25 + -9)) + -29 + 0.
-25
What is (-9 - (-8 + 1)) + (7 - (3 - -10))?
-8
What is the value of -42 - (0 - 5) - -24?
-13
Calculate -13 + (-15 - -19 - -14).
5
What is the value of -33 + 32 - (-5 + 7 + -20)?
17
Evaluate (-5 - -11 - -22) + (-6 - 2).
20
What is -30 + 33 + (3 + -1 - -1) - 7?
-1
Calculate (-5 + -3 - (-38 + 49)) + 11 - 11.
-19
What is 123 - 135 - (-4 + 1 + 0)?
-9
What is the value of (124 - 153) + 4 + -5 + 4?
-26
Calculate (-30 - -3) + 19 + 11.
3
Calculate 17 - ((-21 - -23) + (2 - -2)).
11
8 + (-15 - -22) - (-19 - -12)
22
What is (1 - 14 - -16) + 0?
3
7 + ((2 - -12) + -44 - 11)
-34
13 - (8 - (-6 + 0 + 7))
6
5 + 8 - (92 + -71)
-8
What is 13 + -14 + 3 + 0?
2
Evaluate -14 - -12 - (-1 + 5 - (-1 + -12)).
-19
10 - (-11 - ((-5 - 4) + 2))
14
-92 + 79 - (-11 - -1)
-3
Calculate (-17 + 0 - -6) + 16.
5
What is -6 + 10 - (18 - 6)?
-8
Evaluate -17 + 2 + -5 - (-12 + 6).
-14
What is the value of (-51 - -64) + (2 + 0 - 5) + 4?
14
What is -6 + -1 + 3 + 2 - (-23 + 28)?
-7
Calculate -45 + 6 + -3 + 27.
-15
Evaluate (8 - (13 + -2)) + 13 + 3.
13
Evaluate 0 + 1 + -7 - (-27 + 14 + -22).
29
13 + -22 + 6 + -15
-18
Calculate -13 + 18 - -15 - (-2 + (-4 - -4)).
22
Calculate 11 + 5 + -28 - (-1 - 0) - 7.
-18
What is the value of -9 - (1 + -7 + (-88 - -102))?
-17
What is the value of (6 - (1 - -4)) + 8 + (-17 - 8)?
-16
Evaluate -37 - 1 - (520 + -561).
3
-14 - (40 - (46 + 39))
31
What is the value of 17 - 11 - -6 - 18 - (-34 - -3)?
25
What is the value of 3 + 5 + -1 + 0 - (116 + -122)?
13
Evaluate ((-4 - -1) + 5 - -6) + -459 + 479.
28
-48 - -29 - (5 + -40)
16
What is -15 - -5 - (17 - 30) - (11 - 1)?
-7
Evaluate (16 - 13) + 6 - (-5 - -36 - 0).
-22
What is (19 - (6 + 8)) + -13 + 2 + -3?
-9
What is -6 + (-1 - -2 - 1) + -135 + 130?
-11
What is 5 + 13 - (3 + (9 - 8))?
14
What is the value of -165 + 128 - (8 - 37)?
-8
What is the value of (60 - 66) + (30 - -2 - (-1 + 1))?
26
What is the value of 64 - 58 - (7 + 3 - 1)?
-3
What is (2 - 0 - -2 - -21) + (-30 - -26)?
21
Evaluate 4 + (2 - 3) - (2 - 0 - 10).
11
-4 + (20 - (3 + -3) - (101 + -97))
12
What is 19 + -1 + -10 - -1?
9
Evaluate -13 - (-14 - (31 + -15 - 8)).
9
Calculate 0 + (6 + -1 - 13) + 4.
-4
Calculate 2 - 0 - (19 + -37 + 12 + 22).
-14
13 - 14 - -5 - 3
1
What is the value of 5 - (13 - 1 - (-7 - 1 - -2))?
-13
Evaluate -1 + (-13 - 0) + -11 + 3 + -2.
-24
What is the value of 7 + (-5 - (17 + -16))?
1
2 + (24 - 43) + 14
-3
Evaluate 3 + 2 + 9 + (-8 - 20 - -5).
-9
Calculate (4 - 6) + 4 + (-2 - 6).
-6
What is -21 + -5 + 5 + 31?
10
What is the value of 5 + 14 + 7 + -18 - 7?
1
Calculate 35 - (20 + (-24 - -17)).
22
(-21 - -21 - 1) + -16
-17
What is (4 - -5) + (-38 - -38) + -4?
5
What is the value of 0 - (-3 + -4 + (-1 - 6)) - 5?
9
Calculate -191 - -171 - (5 + -35).
10
16 + -15 + (18 - 8) + 6
17
What is -4 + 9 + (-38 + -2 - -8 - 7)?
-34
What is the value of -15 + 0 - (-8 + (-1 - -2))?
-8
5 + -36 + 2 + (105 - 92)
-16
What is -8 + (-26 - (-35 - 13))?
14
Evaluate (-35 - -17) + -6 + 44 + (7 - 0).
27
What is the value of (0 - 0) + (-439 - -451)?
12
Evaluate (-1 + -50 - -9 - -12) + 9.
-21
What is the value of 10 + (1 - 37 - (13 - 42 - -27))?
-24
What is 2 + 10 + (0 - (5 - 4)) + 1?
12
(-136 - -144) + (-1 - 36)
-29
What is 46 + -71 - (-2 - 25)?
2
Calculate -1 - 0 - ((11 - (7 - -2)) + -3).
0
What is -2 - -15 - (47 - 39)?
5
What is -41 + -6 + (-55 - -79)?
-23
Calculate -4 + -3 - (-9 - 10) - (2 - -3).
7
What is the value of -15 + 10 + -24 + 25 - -3?
-1
Calculate (7 - 10 - -16) 